he prime factors of v.
7
Let w(z) = -z**2 - 9*z - 3. Let m be 2/(-4)*-2*-8. Let l be w(m). Let n(k) = k**2 - 3*k - 2. List the prime factors of n(l).
2
Let g(z) = z**2 + 7*z + 8. Suppose 22 = -3*c + 4. Let h be g(c). Suppose -2 = h*r - 3*r. List the prime factors of r.
2
Let l(y) = 6*y**3 + 2*y**2 - y. Let a be l(1). Let v be (1/2)/((-2)/20). Let u = a - v. What are the prime factors of u?
2, 3
Suppose 0 = 3*q + w - 73, -4*q - w = -9*q + 119. What are the prime factors of q?
2, 3
Let f(p) = 6*p - 3. Let z(j) = -j**2 - 11*j + 14. Let n be z(-12). List the prime factors of f(n).
3
Let x = -109 + 154. Suppose -5*q + 5*r + x = 0, 3*q - 6*r = -2*r + 29. What are the prime factors of q?
7
Suppose -k + 1 + 10 = 0. Let n = k - -1. What are the prime factors of n?
2, 3
Let j be (28/21)/(4/18). Let r(x) = 2*x + 7. List the prime factors of r(j).
19
Let x = 225 - -74. List the prime factors of x.
13, 23
Let i(o) = -3*o**3 + 7*o**2 - o - 19. Let z(j) = -j**3 + 4*j**2 - j - 9. Let u(m) = -2*i(m) + 5*z(m). List the prime factors of u(-6).
11
What are the prime factors of (-12 + 15)*(-32)/(-6)?
2
Suppose -153 = -156*p + 155*p. What are the prime factors of p?
3, 17
List the prime factors of 35/(-14)*(-18)/15.
3
Let p(k) = 2*k + 2 + 0 - 1 + 1. Let u be p(5). Suppose 4*z - u = 0, a - 4 = z + 5. What are the prime factors of a?
2, 3
What are the prime factors of 76*2*1/4?
2, 19
Suppose -3*u = 15 - 3, 7 = z - u. Suppose 17 + 10 = -z*s. Let n = 0 - s. What are the prime factors of n?
3
Let o(x) = -2*x**3 + 2*x**2 - 3*x + 2. Let b be o(2). Let p be 3 - 3 - b/2. Suppose -5*i - 5*m = -10, -2*i + p*i = 4*m + 16. What are the prime factors of i?
3
Let w be (-165)/75 - (-1)/5. What are the prime factors of w*(-13*4)/4?
2, 13
Suppose -15*l + 24*l - 1440 = 0. List the prime factors of l.
2, 5
Suppose -b + 290 = 5*x + 45, -5*b + 98 = 2*x. List the prime factors of x.
7
Suppose -2*h = 5*q - 1 - 5, -6 = -2*h - 4*q. Suppose 0 = 3*t + h*i + 43 - 142, 5*t - 145 = 5*i. List the prime factors of t.
31
Let r(j) = j**3 - 5*j**2 + j - 2. Let v be r(5). Suppose 28 = d + v*d. What are the prime factors of d?
7
Suppose 3*s - 74 + 233 = 0. Let x = s + 81. What are the prime factors of x?
2, 7
Let r be -1 + (-2 + -2)*-1. Suppose 0 = -r*h - 5*k + 29, 4*k + 34 = h + h. List the prime factors of h.
13
Suppose 5*m - 2*m = 12. Suppose m*c - 10 = 50. What are the prime factors of c?
3, 5
Let b be 2 + -2 + (6 - 0). Suppose 2*x - b*x - 72 = 0. List the prime factors of 4/x + 94/18.
5
Let f = -45 - -129. List the prime factors of f.
2, 3, 7
Suppose 0*y - 5*z + 32 = -2*y, 0 = -3*z - 6. Let v = y + 57. List the prime factors of v.
2, 3
List the prime factors of ((16/(-10))/2)/(4/(-190)).
2, 19
Suppose 0 = 4*h + u + 38, -u + 0 = 2. Let b(z) = z + 13. Let a be b(h). Suppose 5*s - 22 + 7 = d, 5*s + 10 = -a*d. List the prime factors of s.
2
Let s = -17 + 49. List the prime factors of s.
2
List the prime factors of -1 + (513/36)/(2/56).
2, 199
Let c(a) = a**2 + 3*a - 1. Let b be c(-4). Suppose 3*k - o - 47 = o, -b*k + 43 = -o. List the prime factors of k.
13
Let t(z) = -z. Let v(s) = -15*s - 3. Let u(w) = 22*t(w) - 2*v(w). Let o be u(6). Suppose -c - 32 = -3*l, 2*l - 2*c = -3*l + o. What are the prime factors of l?
2, 5
Let v = 51 + -36. Let j be (-18)/v*10/(-3). Let z(t) = -t**3 + 4*t**2 + 3*t + 1. What are the prime factors of z(j)?
13
Let u = 0 - -3. Suppose 0 = g - u + 1. Suppose -36 = -5*i - 3*f, 2*f = -g*i - 2*i + 30. List the prime factors of i.
3
Let b(k) = -k + 7. Let n be b(-4). Let t(f) = f + 1. Let p be t(7). Let q = n - p. List the prime factors of q.
3
What are the prime factors of 25/(-5) - (-84)/6?
3
Suppose -5*l - 13 = -5*h - 3*l, -3*l = 2*h - 9. Let i be (2/h)/(4/18). Let p(y) = 2*y + 3. List the prime factors of p(i).
3
Suppose -j - 1 = -4. Let q = j - -1. What are the prime factors of q?
2
Let l(c) = 3*c**2 + 2*c - 3. What are the prime factors of l(-7)?
2, 5, 13
Let j(o) = o**3 - 9*o**2 + 4*o + 9. Let m be (-27)/3*(0 - 1). What are the prime factors of j(m)?
3, 5
Let b(i) = -i**3 - 4*i**2 - i - 6. Suppose 2*v = 8, -22 = 2*l - 6*v + 3*v. Let r be b(l). List the prime factors of (-2)/6 + 224/r.
3
Let n(z) = z + 10. Let g be (2 - 15/6)*10. Let p be n(g). What are the prime factors of (p + -12)*(-18)/7?
2, 3
Suppose 4*w + 4*t - 92 = 0, -5*w + 101 = 4*t - 10. Let c(y) = 3*y**2 + y - 2. Let s be c(2). Let m = w - s. List the prime factors of m.
7
Let i(s) = -s**3 - 11*s**2 - 2*s - 13. Let v be i(-11). List the prime factors of ((-220)/(-15))/(3/v).
2, 11
Let o = 38 + -34. List the prime factors of o.
2
Let a(h) = -2*h - 3. Let j be a(-4). Suppose -2*d + 7 + j = 0. What are the prime factors of d?
2, 3
Let z(k) = -k**2 + k + 1. Let v(h) = -5*h**2 + 2*h + 8. Let y(c) = -v(c) + 4*z(c). Let j be y(-4). Suppose j*s - 3*s = 9. What are the prime factors of s?
3
Let l(y) = y**3 + 2*y**2 - y + 2. List the prime factors of l(2).
2
Let o(s) = -2*s. Let m(p) = 2*p + 1 + 2 - 1 - 3*p**2. Let h be m(2). List the prime factors of o(h).
2, 3
Suppose 0 = -4*c + 6 + 14. Suppose -25 = -c*s + 30. List the prime factors of s.
11
Let d(h) = -5*h**3 - 4*h**2 + 8*h + 9. Let f(x) = -4*x**3 - 5*x**2 + 7*x + 8. Let r(c) = 3*d(c) - 4*f(c). What are the prime factors of r(-8)?
3
Let b be 107 - 1*(3 + 0). Suppose d + b = 2*i, 151 = 3*i - 0*d + d. List the prime factors of i.
3, 17
Let f(w) = -w**2 - w + 4. Let q be f(0). Suppose 19 = 5*l + q. Suppose -2*k - 12 = -4*k + 3*a, -3*a + 33 = l*k. List the prime factors of k.
3
Suppose -22*m = -17*m - 455. What are the prime factors of m?
7, 13
Let h = -22 + 24. List the prime factors of h.
2
Suppose -5*l + 15 - 5 = 0. Let z(m) = -4*m - m - 2*m - 7 - m**l. List the prime factors of z(-5).
3
Let j(k) = -6*k**3 - k**2 + 1. Suppose 4*o + 4*b + 16 = -0*o, 12 = -4*b. List the prime factors of j(o).
2, 3
Let z(l) = l**2 + 9*l + 3. Let k be z(-9). Suppose -11 = 3*t + 5*o, 2*t - k - 7 = o. What are the prime factors of t?
3
Let c(j) = -2*j**2 - 24*j - 4. What are the prime factors of c(-4)?
2, 3, 5
Suppose 8 + 8 = 2*r. Suppose r*n + 10 = 3*n. Let q(s) = s**3 + 4*s**2 + 1. List the prime factors of q(n).
3
Suppose 0 = i - 5 + 31. Let r = -14 - i. What are the prime factors of r?
2, 3
Suppose 4 = -3*l - 2*c + 4*c, -2*l = -c + 4. Let b be ((-3)/l)/((-2)/24). Let y(t) = -t**2 - 9*t + 9. What are the prime factors of y(b)?
3
Suppose 3*b = -2*a + 61, -3*a + b = -55 - 53. List the prime factors of a.
5, 7
Let f = 9 + -6. Suppose -5*z = 34 - 9, -f*z - 21 = -2*x. Suppose x*g - 15 = 3*d, 4*d - 25 = -0*g - g. List the prime factors of g.
3
Let i = 130 - 26. Let j be 2/(-3) + i/(-6). What are the prime factors of (2/(-3))/(1/j)?
2, 3
Let y be 24/(-15) + (-4)/10. List the prime factors of -15*1*4/y.
2, 3, 5
Suppose -18 = -2*w - 0. List the prime factors of (16/3)/(6/w).
2
Suppose n = -f + 55, -2*f + f = 5*n - 63. What are the prime factors of f?
53
Let b = 3 + -2. Let r be (-7 + 1)/(0 - b). Suppose 5*c = 5*u + 5, -9 = -5*c + r. What are the prime factors of u?
2
Let a(x) = -3*x - 9. Let p be 1/4 + (-87)/12. Let k be a(p). Let t = 0 + k. List the prime factors of t.
2, 3
Let i be (3/2)/(1/2). Let a be 246/21 - (-4)/14. Suppose -a = r - i*r. List the prime factors of r.
2, 3
Let f(i) = i**3 + 10*i**2 - 12*i + 23. List the prime factors of f(-11).
2, 17
Suppose g - z - 7 = 0, -3*g + 2*z = -0*g - 16. Suppose 4*p = 6*p - 2, 126 = 4*l - g*p. List the prime factors of l.
2
Suppose -3 - 5 = 4*p. Let u(l) = l**3 + 3*l**2 - 2*l + 2. Let y be u(-4). Let r = p - y. What are the prime factors of r?
2
Let p(d) = -d**2 - d + 1. Let i(j) = -j**3 - 4*j**2 + 8*j + 7. Let o(v) = -i(v) - 3*p(v). List the prime factors of o(-7).
5
Suppose 0 = 3*r - 2*r + 3*c - 11, 2*c = -4*r + 24. Let v = 7 - r. Suppose 47 = 5*g + 3*t, 4*g + 3*t + v = 6*g. List the prime factors of g.
7
List the prime factors of -1*(2 - 12) - 4/2.
2
What are the prime factors of (-11)/33 + (-94)/(-3)?
31
Let y(d) = d**3 + 4*d**2 - 7*d - 2. Let j be y(-5). Let c = j + -8. Let u = 9 - c. List the prime factors of u.
3
Let h = 7 + -5. Let t(a) = -a**3 - 9*a**2 - 7*a + 8. Let m be t(-8). Let f = m + h. What are the prime factors of f?
2
Suppose 3*o - 4*o + 38 = 0. List the prime factors of o.
2, 19
Suppose -9*q = -8*q. Let x(c) = c**2 + c + 3. Wha